e 11, what is -33456038 - -9?
-3345602a
In base 2, what is 1111010100 + 1100000100110?
1101111111010
In base 3, what is 10 + 201011102122?
201011102202
In base 13, what is -343684 - -29?
-343658
In base 15, what is 76 - -5e299?
5e320
In base 11, what is -532 + 713a5?
70973
In base 4, what is -20311 - 212203?
-233120
In base 4, what is 30022110 - 3102020?
20320030
In base 5, what is 211121232 - -1033?
211122320
In base 16, what is 11c8705 + 0?
11c8705
In base 16, what is -cc947 + 18f?
-cc7b8
In base 7, what is 2161464 + 12665?
2204462
In base 7, what is 312501511 + 2?
312501513
In base 10, what is -1179018 - -3?
-1179015
In base 13, what is -3a72 - bb03?
-12875
In base 5, what is -23111011124 - -32?
-23111011042
In base 5, what is -12433324 + -1230?
-12440104
In base 9, what is 4 - 2747401?
-2747386
In base 13, what is ca70 + -a84?
bcb9
In base 5, what is -243233324 + 2011?
-243231313
In base 10, what is 2089430 + -1?
2089429
In base 15, what is -645 + 1eec?
18a7
In base 13, what is 2 - 886487?
-886485
In base 8, what is -1133 + 33076?
31743
In base 12, what is 76b9110 - 7?
76b9105
In base 6, what is -1 - -510424?
510423
In base 9, what is -14 - 2165508?
-2165523
In base 11, what is -100 - -83511?
83411
In base 12, what is 3a742 - -95?
3a817
In base 8, what is -4142754 + -13?
-4142767
In base 10, what is 1223 + 18894?
20117
In base 13, what is -2c0ab15 + 15?
-2c0ab00
In base 9, what is -12751 - 683?
-13544
In base 7, what is -2054142 + 1116?
-2053023
In base 3, what is -10202211020222 + 2021?
-10202211011201
In base 16, what is -4 + -461ece?
-461ed2
In base 13, what is -5 + 16443c02?
16443bca
In base 15, what is 2a4 - 4bb9?
-4915
In base 12, what is -10617 + -488?
-10aa3
In base 11, what is -31 + 138aa7?
138a76
In base 9, what is -201528863 - -5?
-201528857
In base 4, what is 31 - 32101133122?
-32101133031
In base 2, what is 101 - -10000000011111101100001?
10000000011111101100110
In base 10, what is 18624431 + -17?
18624414
In base 8, what is -7406 - -12032?
2424
In base 13, what is 4 - -5c7aba5?
5c7aba9
In base 6, what is -13025 + -103515?
-120544
In base 12, what is -664 - 12a91?
-13535
In base 7, what is 105520245 + -4?
105520241
In base 6, what is -351 + 10441154?
10440403
In base 9, what is 3002 - -37078?
41081
In base 13, what is 83504 - 4a?
83487
In base 12, what is -11588 + 6775?
-6a13
In base 5, what is 3 - -4323414203?
4323414211
In base 15, what is -4 + 2a1902?
2a18ed
In base 3, what is 22220220 - 2221202?
12222011
In base 4, what is 10 - 202032121321?
-202032121311
In base 10, what is -3839963 - 0?
-3839963
In base 8, what is 100 - -622530?
622630
In base 3, what is 120001210222022 + -100?
120001210221222
In base 16, what is 81815 - a?
8180b
In base 14, what is 53 + 84d6ab?
84d720
In base 6, what is -334441 + 23200?
-311241
In base 15, what is -3 + 123e0b?
123e08
In base 11, what is 2 + 18102130?
18102132
In base 13, what is c2c16 + 125?
c303b
In base 7, what is 2 + 362535212?
362535214
In base 5, what is 1021 - 10403441200?
-10403440124
In base 4, what is 11221120122 - 10?
11221120112
In base 15, what is 1627797 + -43?
1627754
In base 13, what is 3b26a40 + 4?
3b26a44
In base 7, what is 1011113331 + -4?
1011113324
In base 10, what is -23199 + -29904?
-53103
In base 10, what is -8798860 - 2?
-8798862
In base 15, what is 1 - 169d227?
-169d226
In base 5, what is 4 - -4130223023?
4130223032
In base 9, what is 160810 + 80?
161000
In base 10, what is 9218430 - -2?
9218432
In base 13, what is -575 - 4a87a?
-4b122
In base 16, what is 0 + 179ab3a?
179ab3a
In base 15, what is b9b49 + -2?
b9b47
In base 16, what is -90ad5d + 3?
-90ad5a
In base 10, what is 5722 - 8156?
-2434
In base 4, what is -1312 - 30133?
-32111
In base 6, what is 3315133114 + -3?
3315133111
In base 2, what is 11 - -101011011000111000011?
101011011000111000110
In base 3, what is 1111202212 + 1102?
1111211021
In base 14, what is -363 + 2b318?
2ad95
In base 9, what is 481 + 22308?
22800
In base 11, what is -116043 - 5a?
-1160a2
In base 10, what is -9777 + 4473?
-5304
In base 5, what is -10134 + -20224?
-30413
In base 14, what is 2 - 3300d524?
-3300d522
In base 13, what is -1828 + 80c3?
6598
In base 13, what is 75 - 9bc35?
-9bb90
In base 12, what is -96 - -51503?
51429
In base 16, what is 38c + -b0f0?
-ad64
In base 5, what is -20302232031 + 13?
-20302232013
In base 6, what is 3 - -1423532302?
1423532305
In base 9, what is 60010642 + 24?
60010666
In base 16, what is -e - -49905?
498f7
In base 7, what is 4436662665 + 3?
4436663001
In base 10, what is -32502366 - 2?
-32502368
In base 3, what is 210020120112200 + -10?
210020120112120
In base 13, what is -30aa + 18b2?
-14c8
In base 13, what is -127582c - 0?
-127582c
In base 11, what is 173a396 + 4?
173a39a
In base 12, what is -5 + 148b913b?
148b9136
In base 7, what is 266 + -1361532?
-1361233
In base 3, what is 0 - -120000022002000?
120000022002000
In base 5, what is 102441213313 + -4?
102441213304
In base 12, what is -10015b + 1a01?
-ba35a
In base 6, what is 10403302 + -150?
10403112
In base 11, what is -15465a + 67?
-1545a3
In base 2, what is -1110010000001 - -1100001101?
-1100101110100
In base 13, what is 11c + -63a97?
-63978
In base 12, what is -a5 + 13bb3?
13b0a
In base 6, what is 5114501 + -11230?
5103231
In base 10, what is 30 + -1480511?
-1480481
In base 4, what is 22302323233 - -3?
22302323302
In base 8, what is -2552 + -123170?
-125742
In base 6, what is -430205 + 300?
-425505
In base 16, what is -8eefb + 453?
-8eaa8
In base 4, what is -10022203 - 312221?
-11001030
In base 5, what is 2142323343 + -10?
2142323333
In base 11, what is -51 + -15786?
-15827
In base 4, what is -2 + -233123113032?
-233123113100
In base 12, what is -3 - 93145a?
-931461
In base 16, what is a + -17ee03?
-17edf9
In base 9, what is 165 - -118257?
118433
In base 12, what is -157b - 2723b?
-287ba
In base 2, what is -100 + -110111000101101011100010?
-110111000101101011100110
In base 4, what is -200312200020131 + 1?
-200312200020130
In base 15, what is 1 - 5942?
-5941
In base 13, what is 0 - 825799?
-825799
In base 3, what is 202222020110210 - -21?
202222020111001
In base 9, what is 11676044 - -54?
11676108
In base 16, what is c53 + -b961?
-ad0e
In base 4, what is 303033302001 + -20?
303033301321
In base 3, what is 11120021211 + -1221?
11120012220
In base 2, what is 101 + -1101001100101010100101100?
-1101001100101010100100111
In base 16, what is -11581 - 41?
-115c2
In base 4, what is 33002230 - -12?
33002302
In base 12, what is 75317 - -4a?
75365
In base 9, what is -15 - 88103507?
-88103523
In base 7, what is -126 - 436620?
-440046
In base 3, what is -100221001 + -2201212021?
-10002210022
In base 16, what is -54927 - -10f?
-54818
In base 3, what is -120200010110100 - 12?
-120200010110112
In base 12, what is 1310443 - 5?
131043a
In base 14, what is -34 - -d1a80c?
d1a7b8
In base 15, what is -3 - 1d8c8d1?
-1d8c8d4
In base 11, what is a0 + 3869972?
3869a62
In base 15, what is 38d - -13bc99?
13c137
In base 8, what is -1 - 17377575?
-17377576
In base 13, what is 14 + -6c271ca?
-6c271b6
In base 14, what is -c + 2aa10?
2aa02
In base 5, what is 342332 + -410?
341422
In base 5, what is -3 - -14201332030?
14201332022
In base 3, what is 2220222 - 110002102?
-100011110
In base 7, what is 41412135 - -45?
41412213
In base 14, what is -27a - 92ba7?
-93043
In base 4, what is -11102301201 + -2?
-11102301203
In base 9, what is -44031158 - -11?
-44031147
In base 9, what is 3 + 68677301?
68677304
In base 10, what is -1062 + 26337?
25275
In base 5, what is -33333 + 341030?
302142
In base 16, what is 12 + 9a52a0?
9a52b2
In base 7, what is 210461040 + -12?
210461025
In base 5, what is 3034 - 2422401?
-2414312
In base 16, what is -afab9f + -f?
-afabae
In base 11, what is 2 - -153426a27?
153426a29
In base 14, what is 9072 - -39?
90ab
In base 5, what is -2233 + 224040?
221302
In base 3, what is 120111010202 - 10?
120111010122
In base 8, what is 4 - 40512?
-40506
In base 4, what is 32201121100 - -1120?
32201122220
In base 12, what is -5 - -2aa69b4?
2aa69ab
In base 2, what is -100000100001100010 + 1100000111?
-100000010101011011
In base 16, what is -328 - -f84?
c5c
In base 5, what is 1103133 + 13012?
1121200
In base 5, what is 11343234 + 1?
11343240
In base 2, what is -1001110101